*3 - 3*f**2 - 10*f - 22. What is the hundreds digit of p(-3)?
3
Let u = -1550 - -870. Let m = -257 - u. What is the tens digit of m?
2
Suppose -3*q = -z + 5345, z + 4*q = -2*z + 16100. Suppose 5*s = 13*s - z. What is the hundreds digit of s?
6
Let a = -4519 - -12399. What is the units digit of a?
0
What is the thousands digit of 84/630 + (-148764)/(-45)?
3
Suppose -j + 88 = 14. Let t = j - 53. Let i = 31 - t. What is the units digit of i?
0
Let s(i) = i**3 + 4*i**2 + 3*i + 2236. Let m be s(0). Let l = m - 1000. What is the units digit of l?
6
Let r = -96 - -98. Suppose -r*a = -3*a + 16. Suppose a*i - 4*i - 936 = 0. What is the units digit of i?
8
Let o be 6/27 + 40/(-18). Let n(s) = 83*s**2 - 7*s - 10. What is the hundreds digit of n(o)?
3
Let q = -4696 + 19663. What is the units digit of q?
7
Let g be (-1 + 0 + 4)*71. Let l be ((-28)/6)/(8/(-12)). Suppose -l*h = -10*h + g. What is the units digit of h?
1
Let z = 38 - 35. Suppose 4*d = 3*k - 74, z*k - 2*k - d - 23 = 0. Suppose b = k + 28. What is the tens digit of b?
4
Suppose 5703 = -7*k + 25240. What is the hundreds digit of k?
7
Suppose 17123 + 17202 = 5*z. What is the thousands digit of z?
6
Let d(t) = t**2 + 2*t - 6. Let h be d(-4). Let o = 84 - 5. Suppose 2*i = 4*u - 334, h*u - o = -4*i + 103. What is the units digit of u?
5
Suppose 4*k = -6*k. Suppose k = -2*d + 85 + 235. What is the hundreds digit of d?
1
Let i(y) = 2*y**2 - 13*y + 1. Let l(z) = -2*z**2 + 41*z - 3. Let m(o) = 4*i(o) + l(o). Let h = 9 + -2. What is the hundreds digit of m(h)?
2
Let o be 15/(((-162)/(-144))/((-6)/8)). Let d(l) be the third derivative of l**5/30 + 5*l**4/12 + 13*l**3/3 + 4*l**2. What is the hundreds digit of d(o)?
1
Let q = 17 + -67. Let y(f) = -f**3 - 3*f**2 + 2*f - 2. Let l be y(2). Let p = l - q. What is the tens digit of p?
3
Let r be ((-2)/3)/((24/(-99))/4). Suppose 0 = -5*n + r + 9. Suppose -4*q + 374 = -2*h, 0*q - 2*h = n*q - 378. What is the tens digit of q?
9
What is the thousands digit of 2 - (8031049/(-143) - 2*3/(-33))?
6
Suppose 2*d - 10 = 0, x + 3*d - 29 - 122 = 0. Let q = 267 + x. What is the tens digit of q?
0
Suppose -4*u = 4*p - 34660, -17*u + 1754 = -4*p + 36519. What is the hundreds digit of p?
6
Let i(y) be the first derivative of 0*y**2 + y + 5 + 2/3*y**3. What is the units digit of i(-3)?
9
Let j be -12885*((-31)/(-20) - 63/84). What is the tens digit of j/(-30) + (-10)/(-25)?
4
Let x = -15453 + 29005. What is the thousands digit of x?
3
Let o = -33 + 41. Suppose 0 = 4*j - o, 9*g + 3*j + 349 = 4*g. Let r = g - -171. What is the hundreds digit of r?
1
Let d = 1 + -5. Let t(r) = 19*r**2 + 2*r - 6. What is the tens digit of t(d)?
9
Suppose 45 = 2*h - 2*i - 43, 4*h - 200 = -2*i. Let j be h/64 - 58/(-8). Suppose 3*u + 240 = j*u. What is the units digit of u?
8
Suppose -2*g + 27 = 21. Suppose g*s - 1325 = 1963. What is the hundreds digit of s?
0
What is the thousands digit of 263 + -253 - 7/(7/(-18552))?
8
Let i = 175 - -24. Suppose 4*w - 4*r - 43 + i = 0, r = -2. Let h = w + 105. What is the tens digit of h?
6
Let l(q) = 3*q**3 - 19*q**2 - 7*q + 15. Suppose -2*u + 28 = -0*w - 2*w, 0 = 5*w + 25. What is the units digit of l(u)?
0
Let o(s) = 17*s**3 + 2*s**2 - 5*s + 5. Let y be (4/(-7))/((-10)/35). Let g be o(y). Let h = 248 - g. What is the units digit of h?
9
Suppose -3*m = -u + 325, 2*u - 2*m - 383 = 267. What is the units digit of u?
5
Let b(j) = 549*j**2 + 29*j - 7. What is the hundreds digit of b(3)?
0
Let a(w) = -w**3 + 7*w**2 + 10*w - 1. Let f be a(10). Let d = f + 1020. What is the tens digit of d?
1
Let a = -18 - -21. Suppose a*q - 4 = -0*n + 4*n, q = 4*n - 12. Suppose -4*j = -0 - q. What is the units digit of j?
2
Suppose 9*c - 33351 = -5*w + 8*c, 3*w + 2*c = 20019. What is the hundreds digit of w?
6
Suppose 0*k + 4*k - 40 = -5*i, k + 2*i - 13 = 0. What is the hundreds digit of 9/6*(3310/k - -4)?
9
Let x(u) = 3055*u - 2217. What is the ten thousands digit of x(5)?
1
Let q = -4422 + 11438. What is the hundreds digit of q?
0
Let m be 407*(3/(-8) + (-66)/(-48)). Let t = m - 254. What is the hundreds digit of t?
1
Let x = -87 + 92. Suppose -5*p = 3*a - 22, -x*a + 2*p + 9 = -7. Suppose -h = a*h - 720. What is the hundreds digit of h?
1
Suppose -g + 4*g - 66 = 0. What is the tens digit of 5520/220 - 2/g?
2
Let d = 6 - -23. Let o = 50 - d. Suppose 0 = -6*v + o + 39. What is the tens digit of v?
1
Let x = -4361 - -5460. What is the tens digit of x?
9
Let s = -12592 - -21317. What is the hundreds digit of s?
7
Let h(u) = 24*u + 275. Let b be h(0). Suppose 665 = -2*k + 7*k - 5*g, 5*g + b = 2*k. What is the tens digit of k?
3
Let g(b) = b**2 + 19*b + 11. Let m be g(-18). What is the tens digit of 8/(-28) + 16/m*-22?
5
Suppose 9*a = 3*a + 18. Suppose j - 259 = -a*o - 0*o, 0 = -o + 4. What is the tens digit of j?
4
Suppose -5*h - 3*n = -33, 5*h - 2*n - 13 = 15. What is the hundreds digit of (3160/h)/(9/(27/2))?
7
Suppose -2908914 = -112*h + 4220670. What is the thousands digit of h?
3
Let h be (1 + 1)/(37/259). What is the hundreds digit of (h + 248)/((-7)/((-7)/2))?
1
What is the units digit of ((-17)/((-5610)/(-23900)) + 2/22)*-399?
1
Let g(f) = 2*f + 4. Let j be g(0). Suppose -j*y - 20 = 348. What is the units digit of ((-11)/22)/(1/y)?
6
Suppose -4*j + 67396 = 27*w - 29*w, 2*j + 4*w = 33678. What is the tens digit of j?
4
Suppose -4*w - 4 = 0, 4*h - 58 = 4*w + 2. Let g be 1 - -3 - (-1692)/9. Suppose -h = -2*a + g. What is the hundreds digit of a?
1
Let t = -8265 + 16223. What is the tens digit of t?
5
Let c = 3092 + -2003. Suppose -32*p + c = -29*p. What is the hundreds digit of p?
3
Let h(u) = 384*u**2 + 212*u - 853. What is the hundreds digit of h(4)?
1
Let o = -16084 - -23697. What is the hundreds digit of o?
6
Suppose 20586 = 99*s - 96*s. What is the tens digit of s?
6
Suppose t = 4 - 7. Let w(m) = 80*m - 9. Let z be w(t). Let o = z - -357. What is the tens digit of o?
0
What is the thousands digit of -9*((-51500)/12 + -16)?
8
Let x = 56 + -198. Let b = -136 - x. Suppose 155 + 37 = b*o. What is the units digit of o?
2
Let i = 3464 - -17833. What is the ten thousands digit of i?
2
Let w be (14 - 1) + (-487 - -561). Suppose -3*r = -5*h + 505, -h - r = -79 - 30. Let i = h - w. What is the tens digit of i?
1
Let z(q) = 61*q**2 - 7*q + 807. What is the thousands digit of z(-18)?
0
What is the tens digit of 878015/40 - (-123)/(-328)?
5
Suppose 2*q + n - 4799 + 359 = 0, 0 = 3*q + 3*n - 6666. What is the tens digit of q?
1
Let o(c) = -2*c + 1373*c**2 + 2*c - 14 - 1374*c**2. Let h be o(0). What is the tens digit of ((-238)/2)/(h - -13)?
1
Suppose 89*u - 96*u + 12684 = 0. What is the hundreds digit of (8 + -2)*(1 + u/18)?
6
What is the thousands digit of 65700/(42/7) - -11?
0
Suppose 1339 = 5*h - 3*k - 9365, -5*h + 5*k + 10700 = 0. What is the thousands digit of h?
2
Suppose -4*p - 16 = -8*p. Suppose 4*q = 3*m - 10, 3*m - 2*q = p*m. Suppose 0 = 2*c + m*c - 324. What is the units digit of c?
1
Let x(q) = -q**2 - 8*q + 12. Let g be x(-9). Let t be (3 + -5)*(1 - 0/g). Let p = t + 6. What is the units digit of p?
4
Suppose 33*l + 36728 = 37*l + 4*s, 27547 = 3*l + 2*s. What is the hundreds digit of l?
1
Let w = -7 + 12. Suppose w*z - 2*z + p = 16, 4*p = 4. Suppose 2*r + 105 = z*r - 4*i, 5*r = i + 192. What is the units digit of r?
9
Let a(l) = -2*l**3 - l**2 + 2*l + 3. Suppose 12 = 5*n + n. Let i be 3/(-1)*n/6. What is the units digit of a(i)?
2
Suppose 0 = -67*s + 6847 + 8295. What is the tens digit of 616/28*1/(4/s)?
4
Suppose 2*j = 7*j + 5, -b + 7 = -5*j. Suppose 2*u = 4*r - 72, 2*u + 77 = 5*r + 5. What is the hundreds digit of u/24 + 0 + 553/b?
2
Suppose -g = 3*v - 10, -3*g + 18 + 12 = -4*v. Suppose x + g = -x. What is the units digit of (x - -3) + 38*4?
0
Let p = -52 + 52. Let s be 214 + (-2)/(-2) + 1 - p. Suppose 12*d = 14*d - s. What is the hundreds digit of d?
1
Suppose -8*b = 3417 + 1303. Let o = 1041 + b. What is the hundreds digit of o?
4
Let h(v) be the first derivative of -4*v + 2*v**2 + 37/4*v**4 - 35 - 2/3*v**3. What is the hundreds digit of h(2)?
2
Let v(i) = 2042*i**2 - 29*i + 82. What is the thousands digit of v(3)?
8
Let y(s) = -4 - s**2 - 1 + 12*s + 10*s - 28*s. Let m be y(-4). Suppose 4*i + 3*t - 103 = 0, 0*i - 47 = -2*i - m*t. What is the tens digit of i?
2
Suppose -3*m +